{"id":646,"date":"2025-04-04T14:31:42","date_gmt":"2025-04-04T12:31:42","guid":{"rendered":"http:\/\/sladowska.pl\/?page_id=646"},"modified":"2026-01-09T11:48:18","modified_gmt":"2026-01-09T10:48:18","slug":"plan-szkolen-na-rok-2026","status":"publish","type":"page","link":"http:\/\/sladowska.pl\/index.php\/plan-szkolen-na-rok-2026\/","title":{"rendered":"Plan szkole\u0144 na rok 2026"},"content":{"rendered":"\n<figure class=\"wp-block-table\"><table><tbody><tr><td><strong>Data<\/strong><\/td><td><strong>Tytu\u0142 szkolenia<\/strong><\/td><td><strong>Firma<\/strong><\/td><\/tr><tr><td>18.02.2026<\/td><td><a href=\"http:\/\/sladowska.pl\/index.php\/2022\/05\/30\/higiena-farmaceutyczna-z-elementami-mikrobiologii\/\"><\/a><a href=\"http:\/\/sladowska.pl\/index.php\/2022\/05\/30\/srodki-dezynfekujace-w-wytworni-farmaceutycznej-z-punktu-widzenia-laboratorium-mikrobiologicznego\/\">\u015arodki dezynfekuj\u0105ce w wytw\u00f3rni farmaceutycznej z punktu widzenia laboratorium mikrobiologicznego<\/a><\/td><td><a href=\"http:\/\/pharma.projektgamma.pl\"><\/a><a href=\"http:\/\/pharma.projektgamma.pl\">Gamma<\/a><\/td><\/tr><tr><td>25.02.2026<\/td><td><a href=\"http:\/\/sladowska.pl\/index.php\/2022\/05\/30\/srodki-dezynfekujace-w-wytworni-farmaceutycznej-z-punktu-widzenia-laboratorium-mikrobiologicznego\/\"><\/a><a href=\"http:\/\/sladowska.pl\/index.php\/2022\/11\/02\/farmakopealne-analizy-mikrobiologiczne-okiem-mikrobiologa-praktyka\/\"><strong>Farmakopealne analizy mikrobiologiczne okiem mikrobiologa praktyka<\/strong><\/a><\/td><td><a href=\"http:\/\/pharma.projektgamma.pl\"><\/a><a href=\"http:\/\/medvice.com.pl\">Medvice<\/a><\/td><\/tr><tr><td>11.03.2026<\/td><td><a href=\"http:\/\/sladowska.pl\/index.php\/2022\/05\/30\/nadzor-nad-pozywkami-w-laboratorium-mikrobiologicznym-w-wytworni-farmaceutycznej\/\"><\/a><a href=\"http:\/\/sladowska.pl\/index.php\/2022\/06\/01\/mikrobiologiczny-nadzor-nad-systemem-wodnym\/\"><a href=\"http:\/\/sladowska.pl\/index.php\/2022\/05\/30\/nadzor-nad-pozywkami-w-laboratorium-mikrobiologicznym-w-wytworni-farmaceutycznej\/\">Nadz\u00f3r nad po\u017cywkami w laboratorium mikrobiologicznym w wytw\u00f3rni farmaceutycznej<\/a><\/a><\/td><td><a href=\"http:\/\/pharma.projektgamma.pl\">Gamma<\/a><\/td><\/tr><tr><td>18.03.2026<\/td><td><a href=\"http:\/\/sladowska.pl\/index.php\/2022\/06\/01\/mikrobiologiczny-nadzor-nad-systemem-wodnym\/\">Mikrobiologiczny nadz\u00f3r nad systemem wodnym<\/a><\/td><td><a href=\"http:\/\/pharma.projektgamma.pl\">Gamma<\/a><\/td><\/tr><tr><td>24-25.03.2026<\/td><td><a href=\"http:\/\/sladowska.pl\/index.php\/2022\/05\/30\/monitoring-czystosci-mikrobiologicznej-srodowiska-w-wytworni-farmaceutycznej\/\"><strong><\/strong><\/a><strong><a href=\"http:\/\/sladowska.pl\/index.php\/2022\/08\/31\/mikrobiologia-farmaceutyczna-dla-nie-mikrobiologow-oraz-osob-wykwalifikowanych\/\">Mikrobiologia farmaceutyczna dla nie&nbsp;mikrobiolog\u00f3w oraz os\u00f3b wykwalifikowanych<\/a><\/strong><\/td><td><a href=\"http:\/\/medvice.com.pl\"><\/a><a href=\"http:\/\/pharma.projektgamma.pl\">Gamma<\/a><\/td><\/tr><tr><td>15.04.2026<\/td><td><a href=\"http:\/\/sladowska.pl\/index.php\/2022\/08\/31\/mikrobiologia-farmaceutyczna-dla-nie-mikrobiologow-oraz-osob-wykwalifikowanych\/\"><\/a><a href=\"http:\/\/sladowska.pl\/index.php\/2025\/04\/04\/badania-mikrobiologiczne-opakowan-bezposrednich-w-wytwarzaniu-produktow-leczniczych-i-kosmetykow\/\"><strong>Badania mikrobiologiczne opakowa\u0144 bezpo\u015brednich w wytwarzaniu produkt\u00f3w leczniczych i kosmetyk\u00f3w<\/strong><\/a><\/td><td><a href=\"http:\/\/pharma.projektgamma.pl\">Gamma<\/a><\/td><\/tr><tr><td>22.04.2026<\/td><td><a href=\"http:\/\/sladowska.pl\/index.php\/2025\/04\/04\/badania-mikrobiologiczne-opakowan-bezposrednich-w-wytwarzaniu-produktow-leczniczych-i-kosmetykow\/\"><strong><\/strong><\/a><strong><a href=\"http:\/\/sladowska.pl\/index.php\/2022\/05\/30\/higiena-farmaceutyczna-z-elementami-mikrobiologii\/\">Higiena farmaceutyczna z elementami mikrobiologii<\/a><\/strong><\/td><td><a href=\"http:\/\/pharma.projektgamma.pl\"><\/a><a href=\"http:\/\/medvice.com.pl\">Medvice<\/a><\/td><\/tr><tr><td>20.05.2026<\/td><td><a href=\"http:\/\/sladowska.pl\/index.php\/2022\/06\/14\/wyniki-mikrobiologiczne-niezgodne-z-wymaganiami-oox\/\"><strong><\/strong><\/a><strong><a href=\"http:\/\/sladowska.pl\/index.php\/2022\/05\/30\/higiena-farmaceutyczna-z-elementami-mikrobiologii\/\">Higiena farmaceutyczna z elementami mikrobiologii<\/a><\/strong><\/td><td><a href=\"http:\/\/medvice.com.pl\"><\/a><a href=\"http:\/\/pharma.projektgamma.pl\">Gamma<\/a><\/td><\/tr><tr><td>27.05.2026<\/td><td><a href=\"http:\/\/sladowska.pl\/index.php\/2022\/05\/30\/higiena-farmaceutyczna-z-elementami-mikrobiologii\/\"><\/a><a href=\"http:\/\/sladowska.pl\/index.php\/2022\/08\/31\/mikrobiologia-farmaceutyczna-dla-nie-mikrobiologow-oraz-osob-wykwalifikowanych\/\"><\/a><a href=\"http:\/\/sladowska.pl\/index.php\/2025\/04\/04\/badania-mikrobiologiczne-opakowan-bezposrednich-w-wytwarzaniu-produktow-leczniczych-i-kosmetykow\/\"><strong>Badania mikrobiologiczne opakowa\u0144 bezpo\u015brednich w wytwarzaniu produkt\u00f3w leczniczych i kosmetyk\u00f3w<\/strong><\/a><\/td><td><a href=\"http:\/\/pharma.projektgamma.pl\"><\/a><a href=\"http:\/\/pharma.projektgamma.pl\"><\/a><a href=\"http:\/\/medvice.com.pl\">Medvice<\/a><\/td><\/tr><tr><td>10.06.2026<\/td><td><a href=\"http:\/\/sladowska.pl\/index.php\/2022\/11\/02\/farmakopealne-analizy-mikrobiologiczne-okiem-mikrobiologa-praktyka\/\"><strong><\/strong><\/a><strong><a href=\"http:\/\/sladowska.pl\/index.php\/2022\/06\/01\/mikrobiologiczne-aspekty-walidacji-mycia-i-czyszczenia\/\"><strong>Mikrobiologiczne aspekty walidacji mycia i czyszczenia<\/strong><\/a><\/strong><\/td><td><a href=\"http:\/\/medvice.com.pl\"><\/a><a href=\"http:\/\/medvice.com.pl\"><\/a><a href=\"http:\/\/pharma.projektgamma.pl\">Gamma<\/a><\/td><\/tr><tr><td>17.06.2026<\/td><td><a href=\"http:\/\/sladowska.pl\/index.php\/2022\/05\/30\/strategia-identyfikacji-drobnoustrojow-w-badaniach-mikrobiologicznych\/\"><strong><\/strong><\/a><strong><a href=\"http:\/\/sladowska.pl\/index.php\/2022\/05\/30\/srodki-dezynfekujace-w-wytworni-farmaceutycznej-z-punktu-widzenia-laboratorium-mikrobiologicznego\/\"><\/a><a href=\"http:\/\/sladowska.pl\/index.php\/2022\/11\/02\/farmakopealne-analizy-mikrobiologiczne-okiem-mikrobiologa-praktyka\/\"><strong>Farmakopealne analizy mikrobiologiczne okiem mikrobiologa praktyka<\/strong><\/a><\/strong><\/td><td><a href=\"http:\/\/pharma.projektgamma.pl\">Gamma<\/a><\/td><\/tr><\/tbody><\/table><\/figure>\n\n\n\n<p>Nasze szkolenia w ramach Akademii Mikrobiologii Farmaceutycznej realizowane s\u0105 we wsp\u00f3\u0142pracy z firm\u0105 Medvice <a href=\"https:\/\/medvice.com.pl\/\" target=\"_blank\" rel=\"noreferrer noopener\">https:\/\/medvice.com.pl\/<\/a> oraz firm\u0105 Gamma <a href=\"http:\/\/www.pharma.projektgamma.pl\" target=\"_blank\" rel=\"noreferrer noopener\">www.pharma.projektgamma.pl<\/a><\/p>\n\n\n\n<p><\/p>\n","protected":false},"excerpt":{"rendered":"<p>Data Tytu\u0142 szkolenia Firma 18.02.2026 \u015arodki dezynfekuj\u0105ce w wytw\u00f3rni farmaceutycznej z punktu widzenia laboratorium mikrobiologicznego Gamma 25.02.2026 Farmakopealne analizy mikrobiologiczne okiem mikrobiologa praktyka Medvice 11.03.2026 Nadz\u00f3r nad po\u017cywkami w laboratorium mikrobiologicznym w wytw\u00f3rni farmaceutycznej Gamma 18.03.2026 Mikrobiologiczny nadz\u00f3r nad systemem wodnym Gamma 24-25.03.2026 Mikrobiologia farmaceutyczna dla nie&nbsp;mikrobiolog\u00f3w oraz os\u00f3b wykwalifikowanych Gamma 15.04.2026 Badania mikrobiologiczne opakowa\u0144 bezpo\u015brednich w wytwarzaniu produkt\u00f3w leczniczych i kosmetyk\u00f3w Gamma 22.04.2026 Higiena farmaceutyczna z elementami mikrobiologii Medvice 20.05.2026 Higiena farmaceutyczna z elementami mikrobiologii Gamma 27.05.2026 Badania mikrobiologiczne opakowa\u0144 bezpo\u015brednich w wytwarzaniu produkt\u00f3w leczniczych i kosmetyk\u00f3w Medvice 10.06.2026 Mikrobiologiczne aspekty walidacji mycia i czyszczenia Gamma 17.06.2026 Farmakopealne analizy\u2026<\/p>\n","protected":false},"author":1,"featured_media":0,"parent":0,"menu_order":0,"comment_status":"closed","ping_status":"closed","template":"","meta":{"footnotes":""},"class_list":["post-646","page","type-page","status-publish","hentry"],"blocksy_meta":{"styles_descriptor":{"styles":{"desktop":"","tablet":"","mobile":""},"google_fonts":[],"version":5}},"yoast_head":"<!-- This site is optimized with the Yoast SEO plugin v27.3 - https:\/\/yoast.com\/product\/yoast-seo-wordpress\/ -->\n<title>Plan szkole\u0144 na rok 2026 - Mikrobiologia Farmaceutyczna<\/title>\n<meta name=\"description\" content=\"Mikrobiologia Farmaceutyczna Plan szkole\u0144 na rok 2026\" \/>\n<meta name=\"robots\" content=\"index, follow, max-snippet:-1, max-image-preview:large, max-video-preview:-1\" \/>\n<link rel=\"canonical\" href=\"http:\/\/sladowska.pl\/index.php\/plan-szkolen-na-rok-2026\/\" \/>\n<meta property=\"og:locale\" content=\"pl_PL\" \/>\n<meta property=\"og:type\" content=\"article\" \/>\n<meta property=\"og:title\" content=\"Plan szkole\u0144 na rok 2026 - Mikrobiologia Farmaceutyczna\" \/>\n<meta property=\"og:description\" content=\"Mikrobiologia Farmaceutyczna Plan szkole\u0144 na rok 2026\" \/>\n<meta property=\"og:url\" content=\"http:\/\/sladowska.pl\/index.php\/plan-szkolen-na-rok-2026\/\" \/>\n<meta property=\"og:site_name\" content=\"Mikrobiologia Farmaceutyczna\" \/>\n<meta property=\"article:modified_time\" content=\"2026-01-09T10:48:18+00:00\" \/>\n<meta name=\"twitter:card\" content=\"summary_large_image\" \/>\n<meta name=\"twitter:label1\" content=\"Szacowany czas czytania\" \/>\n\t<meta name=\"twitter:data1\" content=\"1 minuta\" \/>\n<script type=\"application\/ld+json\" class=\"yoast-schema-graph\">{\"@context\":\"https:\\\/\\\/schema.org\",\"@graph\":[{\"@type\":\"WebPage\",\"@id\":\"http:\\\/\\\/sladowska.pl\\\/index.php\\\/plan-szkolen-na-rok-2026\\\/\",\"url\":\"http:\\\/\\\/sladowska.pl\\\/index.php\\\/plan-szkolen-na-rok-2026\\\/\",\"name\":\"Plan szkole\u0144 na rok 2026 - Mikrobiologia Farmaceutyczna\",\"isPartOf\":{\"@id\":\"http:\\\/\\\/sladowska.pl\\\/#website\"},\"datePublished\":\"2025-04-04T12:31:42+00:00\",\"dateModified\":\"2026-01-09T10:48:18+00:00\",\"description\":\"Mikrobiologia Farmaceutyczna Plan szkole\u0144 na rok 2026\",\"breadcrumb\":{\"@id\":\"http:\\\/\\\/sladowska.pl\\\/index.php\\\/plan-szkolen-na-rok-2026\\\/#breadcrumb\"},\"inLanguage\":\"pl-PL\",\"potentialAction\":[{\"@type\":\"ReadAction\",\"target\":[\"http:\\\/\\\/sladowska.pl\\\/index.php\\\/plan-szkolen-na-rok-2026\\\/\"]}]},{\"@type\":\"BreadcrumbList\",\"@id\":\"http:\\\/\\\/sladowska.pl\\\/index.php\\\/plan-szkolen-na-rok-2026\\\/#breadcrumb\",\"itemListElement\":[{\"@type\":\"ListItem\",\"position\":1,\"name\":\"Strona g\u0142\u00f3wna\",\"item\":\"http:\\\/\\\/sladowska.pl\\\/\"},{\"@type\":\"ListItem\",\"position\":2,\"name\":\"Plan szkole\u0144 na rok 2026\"}]},{\"@type\":\"WebSite\",\"@id\":\"http:\\\/\\\/sladowska.pl\\\/#website\",\"url\":\"http:\\\/\\\/sladowska.pl\\\/\",\"name\":\"Mikrobiologia Farmaceutyczna\",\"description\":\"szkolenia, wyk\u0142ady, mikrobiologia farmaceutyczna\",\"publisher\":{\"@id\":\"http:\\\/\\\/sladowska.pl\\\/#organization\"},\"potentialAction\":[{\"@type\":\"SearchAction\",\"target\":{\"@type\":\"EntryPoint\",\"urlTemplate\":\"http:\\\/\\\/sladowska.pl\\\/?s={search_term_string}\"},\"query-input\":{\"@type\":\"PropertyValueSpecification\",\"valueRequired\":true,\"valueName\":\"search_term_string\"}}],\"inLanguage\":\"pl-PL\"},{\"@type\":\"Organization\",\"@id\":\"http:\\\/\\\/sladowska.pl\\\/#organization\",\"name\":\"Akademia Mikrobiologii Farmaceutycznej\",\"url\":\"http:\\\/\\\/sladowska.pl\\\/\",\"logo\":{\"@type\":\"ImageObject\",\"inLanguage\":\"pl-PL\",\"@id\":\"http:\\\/\\\/sladowska.pl\\\/#\\\/schema\\\/logo\\\/image\\\/\",\"url\":\"http:\\\/\\\/sladowska.pl\\\/wp-content\\\/uploads\\\/2022\\\/05\\\/cropped-logo.png\",\"contentUrl\":\"http:\\\/\\\/sladowska.pl\\\/wp-content\\\/uploads\\\/2022\\\/05\\\/cropped-logo.png\",\"width\":512,\"height\":512,\"caption\":\"Akademia Mikrobiologii Farmaceutycznej\"},\"image\":{\"@id\":\"http:\\\/\\\/sladowska.pl\\\/#\\\/schema\\\/logo\\\/image\\\/\"}}]}<\/script>\n<!-- \/ Yoast SEO plugin. -->","yoast_head_json":{"title":"Plan szkole\u0144 na rok 2026 - Mikrobiologia Farmaceutyczna","description":"Mikrobiologia Farmaceutyczna Plan szkole\u0144 na rok 2026","robots":{"index":"index","follow":"follow","max-snippet":"max-snippet:-1","max-image-preview":"max-image-preview:large","max-video-preview":"max-video-preview:-1"},"canonical":"http:\/\/sladowska.pl\/index.php\/plan-szkolen-na-rok-2026\/","og_locale":"pl_PL","og_type":"article","og_title":"Plan szkole\u0144 na rok 2026 - Mikrobiologia Farmaceutyczna","og_description":"Mikrobiologia Farmaceutyczna Plan szkole\u0144 na rok 2026","og_url":"http:\/\/sladowska.pl\/index.php\/plan-szkolen-na-rok-2026\/","og_site_name":"Mikrobiologia Farmaceutyczna","article_modified_time":"2026-01-09T10:48:18+00:00","twitter_card":"summary_large_image","twitter_misc":{"Szacowany czas czytania":"1 minuta"},"schema":{"@context":"https:\/\/schema.org","@graph":[{"@type":"WebPage","@id":"http:\/\/sladowska.pl\/index.php\/plan-szkolen-na-rok-2026\/","url":"http:\/\/sladowska.pl\/index.php\/plan-szkolen-na-rok-2026\/","name":"Plan szkole\u0144 na rok 2026 - Mikrobiologia Farmaceutyczna","isPartOf":{"@id":"http:\/\/sladowska.pl\/#website"},"datePublished":"2025-04-04T12:31:42+00:00","dateModified":"2026-01-09T10:48:18+00:00","description":"Mikrobiologia Farmaceutyczna Plan szkole\u0144 na rok 2026","breadcrumb":{"@id":"http:\/\/sladowska.pl\/index.php\/plan-szkolen-na-rok-2026\/#breadcrumb"},"inLanguage":"pl-PL","potentialAction":[{"@type":"ReadAction","target":["http:\/\/sladowska.pl\/index.php\/plan-szkolen-na-rok-2026\/"]}]},{"@type":"BreadcrumbList","@id":"http:\/\/sladowska.pl\/index.php\/plan-szkolen-na-rok-2026\/#breadcrumb","itemListElement":[{"@type":"ListItem","position":1,"name":"Strona g\u0142\u00f3wna","item":"http:\/\/sladowska.pl\/"},{"@type":"ListItem","position":2,"name":"Plan szkole\u0144 na rok 2026"}]},{"@type":"WebSite","@id":"http:\/\/sladowska.pl\/#website","url":"http:\/\/sladowska.pl\/","name":"Mikrobiologia Farmaceutyczna","description":"szkolenia, wyk\u0142ady, mikrobiologia farmaceutyczna","publisher":{"@id":"http:\/\/sladowska.pl\/#organization"},"potentialAction":[{"@type":"SearchAction","target":{"@type":"EntryPoint","urlTemplate":"http:\/\/sladowska.pl\/?s={search_term_string}"},"query-input":{"@type":"PropertyValueSpecification","valueRequired":true,"valueName":"search_term_string"}}],"inLanguage":"pl-PL"},{"@type":"Organization","@id":"http:\/\/sladowska.pl\/#organization","name":"Akademia Mikrobiologii Farmaceutycznej","url":"http:\/\/sladowska.pl\/","logo":{"@type":"ImageObject","inLanguage":"pl-PL","@id":"http:\/\/sladowska.pl\/#\/schema\/logo\/image\/","url":"http:\/\/sladowska.pl\/wp-content\/uploads\/2022\/05\/cropped-logo.png","contentUrl":"http:\/\/sladowska.pl\/wp-content\/uploads\/2022\/05\/cropped-logo.png","width":512,"height":512,"caption":"Akademia Mikrobiologii Farmaceutycznej"},"image":{"@id":"http:\/\/sladowska.pl\/#\/schema\/logo\/image\/"}}]}},"_links":{"self":[{"href":"http:\/\/sladowska.pl\/index.php\/wp-json\/wp\/v2\/pages\/646","targetHints":{"allow":["GET"]}}],"collection":[{"href":"http:\/\/sladowska.pl\/index.php\/wp-json\/wp\/v2\/pages"}],"about":[{"href":"http:\/\/sladowska.pl\/index.php\/wp-json\/wp\/v2\/types\/page"}],"author":[{"embeddable":true,"href":"http:\/\/sladowska.pl\/index.php\/wp-json\/wp\/v2\/users\/1"}],"replies":[{"embeddable":true,"href":"http:\/\/sladowska.pl\/index.php\/wp-json\/wp\/v2\/comments?post=646"}],"version-history":[{"count":5,"href":"http:\/\/sladowska.pl\/index.php\/wp-json\/wp\/v2\/pages\/646\/revisions"}],"predecessor-version":[{"id":657,"href":"http:\/\/sladowska.pl\/index.php\/wp-json\/wp\/v2\/pages\/646\/revisions\/657"}],"wp:attachment":[{"href":"http:\/\/sladowska.pl\/index.php\/wp-json\/wp\/v2\/media?parent=646"}],"curies":[{"name":"wp","href":"https:\/\/api.w.org\/{rel}","templated":true}]}}