{"id":19,"date":"2022-05-30T11:58:30","date_gmt":"2022-05-30T09:58:30","guid":{"rendered":"http:\/\/192.168.0.36\/kasia\/?page_id=19"},"modified":"2022-12-05T11:40:52","modified_gmt":"2022-12-05T10:40:52","slug":"o-nas","status":"publish","type":"page","link":"http:\/\/sladowska.pl\/index.php\/o-nas\/","title":{"rendered":"O nas"},"content":{"rendered":"<div class=\"wp-block-image\"><div>\n<figure class=\"alignleft size-large is-resized\"><img loading=\"lazy\" decoding=\"async\" src=\"http:\/\/sladowska.pl\/wp-content\/uploads\/2022\/11\/k1-835x1024.jpg\" alt=\"\" class=\"wp-image-580\" width=\"231\" height=\"282\" srcset=\"http:\/\/sladowska.pl\/wp-content\/uploads\/2022\/11\/k1-835x1024.jpg 835w, http:\/\/sladowska.pl\/wp-content\/uploads\/2022\/11\/k1-768x942.jpg 768w, http:\/\/sladowska.pl\/wp-content\/uploads\/2022\/11\/k1.jpg 850w\" sizes=\"auto, (max-width: 231px) 100vw, 231px\" \/><\/figure>\n<\/div><\/div>\n\n\n<p class=\"has-medium-font-size\"><strong>Katarzyna Buca\u0142a-\u015aladowska<\/strong><\/p>\n\n\n\n<p class=\"has-text-align-left\">Od 2002 roku pracuj\u0119 jako mikrobiolog w Centrum Bada\u0144 Mikrobiologicznych i Autoszczepionek imienia dr Jana Bobra w Krakowie. <br>Obecnie na stanowisku Zast\u0119pcy Kierownika Centrum ds. Mikrobiologii Farmaceutycznej, Kierownika Zapewnienia Jako\u015bci i Osoby Wykwalifikowanej.<br>Posiadam uprawnienia Audytora wewn\u0119trznego Systemu Zarz\u0105dzania Jako\u015bci\u0105 w laboratorium wg ISO 17025. <br>Uko\u0144czy\u0142am w 2020 roku studia podyplomowe na Wydziale Farmaceutycznym UJ &#8222;Osoba wykwalifikowana w kontroli jako\u015bci produktu leczniczego i wyrobu medycznego&#8221;. <br>Od 15 lat zajmuj\u0119 si\u0119 szkoleniami z zakresu mikrobiologii farmaceutycznej.<\/p>\n\n\n\n<p><\/p>\n\n\n\n<p><\/p>\n\n\n\n<div style=\"height:20px\" aria-hidden=\"true\" class=\"wp-block-spacer\"><\/div>\n\n\n<div class=\"wp-block-image\"><div>\n<figure class=\"alignleft size-full is-resized\"><img loading=\"lazy\" decoding=\"async\" src=\"http:\/\/sladowska.pl\/wp-content\/uploads\/2022\/07\/avatar1-2.png\" alt=\"\" class=\"wp-image-477\" width=\"236\" height=\"224\" srcset=\"http:\/\/sladowska.pl\/wp-content\/uploads\/2022\/07\/avatar1-2.png 450w, http:\/\/sladowska.pl\/wp-content\/uploads\/2022\/07\/avatar1-2-300x285.png 300w\" sizes=\"auto, (max-width: 236px) 100vw, 236px\" \/><\/figure>\n<\/div><\/div>\n\n\n<p class=\"has-medium-font-size\"><strong>Krystyna Mys\u0142owska<\/strong><\/p>\n\n\n\n<p class=\"has-text-align-left\">Ca\u0142e moje \u017cycie zawodowe zwi\u0105zane by\u0142o z firm\u0105 farmaceutyczn\u0105 Polfa\/Pliva na stanowisku m.in. Kierownika Laboratorium Mikrobiologicznego KJ, a tak\u017ce Trenera, Audytora i Koordynatora w pionie Zapewnienia Jako\u015bci.<br>Od wielu lat wsp\u00f3\u0142pracuj\u0119 z Centrum Bada\u0144 Mikrobiologicznych i Autoszczepionek imienia dr Jana Bobra w Krakowie.<br>Pracowa\u0142am r\u00f3wnie\u017c jako Osoba Wykwalifikowana w Banku Kom\u00f3rek Macierzystych.<br>Od ponad 25 lat prowadz\u0119 wyk\u0142ady i konsultacje zwi\u0105zane z szeroko poj\u0119t\u0105 tematyk\u0105, dotycz\u0105c\u0105 Zarz\u0105dzania Jako\u015bci\u0105 Mikrobiologiczn\u0105 w wytw\u00f3rni farmaceutycznej.<\/p>\n","protected":false},"excerpt":{"rendered":"<p>Katarzyna Buca\u0142a-\u015aladowska Od 2002 roku pracuj\u0119 jako mikrobiolog w Centrum Bada\u0144 Mikrobiologicznych i Autoszczepionek imienia dr Jana Bobra w Krakowie. Obecnie na stanowisku Zast\u0119pcy Kierownika Centrum ds. Mikrobiologii Farmaceutycznej, Kierownika Zapewnienia Jako\u015bci i Osoby Wykwalifikowanej.Posiadam uprawnienia Audytora wewn\u0119trznego Systemu Zarz\u0105dzania Jako\u015bci\u0105 w laboratorium wg ISO 17025. Uko\u0144czy\u0142am w 2020 roku studia podyplomowe na Wydziale Farmaceutycznym UJ &#8222;Osoba wykwalifikowana w kontroli jako\u015bci produktu leczniczego i wyrobu medycznego&#8221;. Od 15 lat zajmuj\u0119 si\u0119 szkoleniami z zakresu mikrobiologii farmaceutycznej. Krystyna Mys\u0142owska Ca\u0142e moje \u017cycie zawodowe zwi\u0105zane by\u0142o z firm\u0105 farmaceutyczn\u0105 Polfa\/Pliva na stanowisku m.in. Kierownika Laboratorium Mikrobiologicznego KJ, a tak\u017ce Trenera, Audytora i\u2026<\/p>\n","protected":false},"author":1,"featured_media":0,"parent":0,"menu_order":0,"comment_status":"closed","ping_status":"closed","template":"","meta":{"footnotes":""},"class_list":["post-19","page","type-page","status-publish","hentry"],"blocksy_meta":{"styles_descriptor":{"styles":{"desktop":"","tablet":"","mobile":""},"google_fonts":[],"version":5},"page_title_panel":"","has_hero_section":"default","f8ddb3cc9f3c6978768b0dcd9fba1eb5":"","hero_section":"type-1","hero_elements":[{"id":"custom_title","enabled":true,"heading_tag":"h1","title":"Strona g\u0142\u00f3wna"},{"id":"custom_description","enabled":true,"description_visibility":{"desktop":true,"tablet":true,"mobile":false}},{"id":"custom_meta","enabled":false,"meta_elements":[{"id":"author","enabled":true,"label":"Przez","has_author_avatar":"yes","avatar_size":25},{"id":"post_date","enabled":true,"label":"W\u0142\u0105cz","date_format_source":"default","date_format":"M j, Y"},{"id":"updated_date","enabled":false,"label":"W\u0142\u0105cz","date_format_source":"default","date_format":"M j, Y"},{"id":"categories","enabled":false,"label":"W","style":"simple"},{"id":"comments","enabled":true}],"page_meta_elements":{"joined":true,"articles_count":true,"comments":true}},{"id":"breadcrumbs","enabled":false}],"a3c0cb1f5caf45a5a7a0102319e91478":"","hero_alignment1":"CT_CSS_SKIP_RULE","hero_margin":40,"hero_alignment2":"center","hero_vertical_alignment":"center","750591b1774cfe889fe97a5248ee0381":"","hero_structure":"narrow","2256fd918c84c203ca5ee039d13fa9b0":"","page_title_bg_type":"featured_image","custom_hero_background":{"attachment_id":null},"page_title_image_size":"full","parallax":{"desktop":false,"tablet":false,"mobile":false},"176ea668e52a19e83778d8c37218d15d":"","hero_height":"250px","pageTitleFont":{"family":"Default","variation":"Default","size":"30px","line-height":"CT_CSS_SKIP_RULE","letter-spacing":"CT_CSS_SKIP_RULE","text-transform":"CT_CSS_SKIP_RULE","text-decoration":"CT_CSS_SKIP_RULE"},"pageTitleFontColor":{"default":{"color":"CT_CSS_SKIP_RULEDEFAULT"}},"pageMetaFont":{"family":"Default","variation":"n6","size":"12px","line-height":"1.3","letter-spacing":"CT_CSS_SKIP_RULE","text-transform":"uppercase","text-decoration":"CT_CSS_SKIP_RULE"},"pageMetaFontColor":{"default":{"color":"CT_CSS_SKIP_RULEDEFAULT"},"hover":{"color":"CT_CSS_SKIP_RULEDEFAULT"}},"page_meta_button_type_font_colors":{"default":{"color":"CT_CSS_SKIP_RULEDEFAULT"},"hover":{"color":"CT_CSS_SKIP_RULEDEFAULT"}},"page_meta_button_type_background_colors":{"default":{"color":"CT_CSS_SKIP_RULEDEFAULT"},"hover":{"color":"CT_CSS_SKIP_RULEDEFAULT"}},"pageExcerptFont":{"family":"Default","variation":"Default","size":"CT_CSS_SKIP_RULE","line-height":"CT_CSS_SKIP_RULE","letter-spacing":"CT_CSS_SKIP_RULE","text-transform":"CT_CSS_SKIP_RULE","text-decoration":"CT_CSS_SKIP_RULE"},"pageExcerptColor":{"default":{"color":"CT_CSS_SKIP_RULEDEFAULT"}},"breadcrumbsFont":{"family":"Default","variation":"Default","size":"CT_CSS_SKIP_RULE","line-height":"CT_CSS_SKIP_RULE","letter-spacing":"CT_CSS_SKIP_RULE","text-transform":"CT_CSS_SKIP_RULE","text-decoration":"CT_CSS_SKIP_RULE"},"breadcrumbsFontColor":{"default":{"color":"CT_CSS_SKIP_RULEDEFAULT"},"initial":{"color":"CT_CSS_SKIP_RULEDEFAULT"},"hover":{"color":"CT_CSS_SKIP_RULEDEFAULT"}},"pageTitleOverlay":{"background_type":"color","background_pattern":"type-1","background_image":{"attachment_id":null,"x":0,"y":0},"gradient":"linear-gradient(135deg,rgba(6,147,227,1) 0%,rgb(155,81,224) 100%)","background_repeat":"repeat","background_size":"auto","background_attachment":"scroll","patternColor":{"default":{"color":"#e5e7ea"}},"overlayColor":{"default":{"color":"CT_CSS_SKIP_RULE"}},"backgroundColor":{"default":{"color":"CT_CSS_SKIP_RULE"}}},"pageTitleBackground":{"background_type":"color","background_pattern":"type-1","background_image":{"attachment_id":null,"x":0,"y":0},"gradient":"linear-gradient(135deg,rgba(6,147,227,1) 0%,rgb(155,81,224) 100%)","background_repeat":"repeat","background_size":"auto","background_attachment":"scroll","patternColor":{"default":{"color":"#e5e7ea"}},"overlayColor":{"default":{"color":"CT_CSS_SKIP_RULE"}},"backgroundColor":{"default":{"color":"var(--paletteColor6)"}}},"pageTitlePadding":{"top":"50px","bottom":"50px","left":"auto","right":"auto","linked":true},"e22643c6e46557639a2b7fc99f830370":"","page_structure_type":"default","d13cb394a9ae29fc8906618986e4782b":"","content_style_source":"inherit","content_style":"wide","vertical_spacing_source":"inherit","content_area_spacing":"both","background":{"background_type":"color","background_pattern":"type-1","background_image":{"attachment_id":null,"x":0,"y":0},"gradient":"linear-gradient(135deg,rgba(6,147,227,1) 0%,rgb(155,81,224) 100%)","background_repeat":"repeat","background_size":"auto","background_attachment":"scroll","patternColor":{"default":{"color":"#e5e7ea"}},"overlayColor":{"default":{"color":"CT_CSS_SKIP_RULE"}},"backgroundColor":{"default":{"color":"CT_CSS_SKIP_RULE"}}},"content_background":{"background_type":"color","background_pattern":"type-1","background_image":{"attachment_id":null,"x":0,"y":0},"gradient":"linear-gradient(135deg,rgba(6,147,227,1) 0%,rgb(155,81,224) 100%)","background_repeat":"repeat","background_size":"auto","background_attachment":"scroll","patternColor":{"default":{"color":"#e5e7ea"}},"overlayColor":{"default":{"color":"CT_CSS_SKIP_RULE"}},"backgroundColor":{"default":{"color":"var(--paletteColor8)"}}},"content_boxed_shadow":{"inherit":false,"blur":18,"spread":-6,"v_offset":12,"h_offset":0,"inset":false,"enable":true,"color":{"color":"rgba(34, 56, 101, 0.04)"}},"content_boxed_border":{"width":1,"style":"none","color":{"color":"rgba(44,62,80,0.2)"}},"content_boxed_radius":{"top":"3px","bottom":"3px","left":"3px","right":"3px","linked":true},"boxed_content_spacing":{"desktop":{"top":"40px","bottom":"40px","left":"40px","right":"40px","linked":true},"tablet":{"top":"35px","bottom":"35px","left":"35px","right":"35px","linked":true},"mobile":{"top":"20px","bottom":"20px","left":"20px","right":"20px","linked":true}},"3ca0640b0fd2b3eb79030d0079e21e28":"","disable_featured_image":"no","disable_share_box":"no","disable_header":"no","disable_footer":"no"},"yoast_head":"<!-- This site is optimized with the Yoast SEO plugin v27.3 - https:\/\/yoast.com\/product\/yoast-seo-wordpress\/ -->\n<title>0 nas<\/title>\n<meta name=\"description\" content=\"Mikrobiologia Farmaceutyczna O nas\" \/>\n<meta name=\"robots\" content=\"index, follow, max-snippet:-1, max-image-preview:large, max-video-preview:-1\" \/>\n<link rel=\"canonical\" href=\"http:\/\/sladowska.pl\/index.php\/o-nas\/\" \/>\n<meta property=\"og:locale\" content=\"pl_PL\" \/>\n<meta property=\"og:type\" content=\"article\" \/>\n<meta property=\"og:title\" content=\"0 nas\" \/>\n<meta property=\"og:description\" content=\"Mikrobiologia Farmaceutyczna O nas\" \/>\n<meta property=\"og:url\" content=\"http:\/\/sladowska.pl\/index.php\/o-nas\/\" \/>\n<meta property=\"og:site_name\" content=\"Mikrobiologia Farmaceutyczna\" \/>\n<meta property=\"article:modified_time\" content=\"2022-12-05T10:40:52+00:00\" \/>\n<meta property=\"og:image\" content=\"http:\/\/sladowska.pl\/wp-content\/uploads\/2022\/11\/k1-835x1024.jpg\" \/>\n<meta name=\"twitter:card\" content=\"summary_large_image\" \/>\n<meta name=\"twitter:label1\" content=\"Szacowany czas czytania\" \/>\n\t<meta name=\"twitter:data1\" content=\"2 minuty\" \/>\n<script type=\"application\/ld+json\" class=\"yoast-schema-graph\">{\"@context\":\"https:\\\/\\\/schema.org\",\"@graph\":[{\"@type\":\"WebPage\",\"@id\":\"http:\\\/\\\/sladowska.pl\\\/index.php\\\/o-nas\\\/\",\"url\":\"http:\\\/\\\/sladowska.pl\\\/index.php\\\/o-nas\\\/\",\"name\":\"0 nas\",\"isPartOf\":{\"@id\":\"http:\\\/\\\/sladowska.pl\\\/#website\"},\"primaryImageOfPage\":{\"@id\":\"http:\\\/\\\/sladowska.pl\\\/index.php\\\/o-nas\\\/#primaryimage\"},\"image\":{\"@id\":\"http:\\\/\\\/sladowska.pl\\\/index.php\\\/o-nas\\\/#primaryimage\"},\"thumbnailUrl\":\"http:\\\/\\\/sladowska.pl\\\/wp-content\\\/uploads\\\/2022\\\/11\\\/k1-835x1024.jpg\",\"datePublished\":\"2022-05-30T09:58:30+00:00\",\"dateModified\":\"2022-12-05T10:40:52+00:00\",\"description\":\"Mikrobiologia Farmaceutyczna O nas\",\"breadcrumb\":{\"@id\":\"http:\\\/\\\/sladowska.pl\\\/index.php\\\/o-nas\\\/#breadcrumb\"},\"inLanguage\":\"pl-PL\",\"potentialAction\":[{\"@type\":\"ReadAction\",\"target\":[\"http:\\\/\\\/sladowska.pl\\\/index.php\\\/o-nas\\\/\"]}]},{\"@type\":\"ImageObject\",\"inLanguage\":\"pl-PL\",\"@id\":\"http:\\\/\\\/sladowska.pl\\\/index.php\\\/o-nas\\\/#primaryimage\",\"url\":\"http:\\\/\\\/sladowska.pl\\\/wp-content\\\/uploads\\\/2022\\\/11\\\/k1.jpg\",\"contentUrl\":\"http:\\\/\\\/sladowska.pl\\\/wp-content\\\/uploads\\\/2022\\\/11\\\/k1.jpg\",\"width\":850,\"height\":1043},{\"@type\":\"BreadcrumbList\",\"@id\":\"http:\\\/\\\/sladowska.pl\\\/index.php\\\/o-nas\\\/#breadcrumb\",\"itemListElement\":[{\"@type\":\"ListItem\",\"position\":1,\"name\":\"Strona g\u0142\u00f3wna\",\"item\":\"http:\\\/\\\/sladowska.pl\\\/\"},{\"@type\":\"ListItem\",\"position\":2,\"name\":\"O nas\"}]},{\"@type\":\"WebSite\",\"@id\":\"http:\\\/\\\/sladowska.pl\\\/#website\",\"url\":\"http:\\\/\\\/sladowska.pl\\\/\",\"name\":\"Mikrobiologia Farmaceutyczna\",\"description\":\"szkolenia, wyk\u0142ady, mikrobiologia farmaceutyczna\",\"publisher\":{\"@id\":\"http:\\\/\\\/sladowska.pl\\\/#organization\"},\"potentialAction\":[{\"@type\":\"SearchAction\",\"target\":{\"@type\":\"EntryPoint\",\"urlTemplate\":\"http:\\\/\\\/sladowska.pl\\\/?s={search_term_string}\"},\"query-input\":{\"@type\":\"PropertyValueSpecification\",\"valueRequired\":true,\"valueName\":\"search_term_string\"}}],\"inLanguage\":\"pl-PL\"},{\"@type\":\"Organization\",\"@id\":\"http:\\\/\\\/sladowska.pl\\\/#organization\",\"name\":\"Akademia Mikrobiologii Farmaceutycznej\",\"url\":\"http:\\\/\\\/sladowska.pl\\\/\",\"logo\":{\"@type\":\"ImageObject\",\"inLanguage\":\"pl-PL\",\"@id\":\"http:\\\/\\\/sladowska.pl\\\/#\\\/schema\\\/logo\\\/image\\\/\",\"url\":\"http:\\\/\\\/sladowska.pl\\\/wp-content\\\/uploads\\\/2022\\\/05\\\/cropped-logo.png\",\"contentUrl\":\"http:\\\/\\\/sladowska.pl\\\/wp-content\\\/uploads\\\/2022\\\/05\\\/cropped-logo.png\",\"width\":512,\"height\":512,\"caption\":\"Akademia Mikrobiologii Farmaceutycznej\"},\"image\":{\"@id\":\"http:\\\/\\\/sladowska.pl\\\/#\\\/schema\\\/logo\\\/image\\\/\"}}]}<\/script>\n<!-- \/ Yoast SEO plugin. -->","yoast_head_json":{"title":"0 nas","description":"Mikrobiologia Farmaceutyczna O nas","robots":{"index":"index","follow":"follow","max-snippet":"max-snippet:-1","max-image-preview":"max-image-preview:large","max-video-preview":"max-video-preview:-1"},"canonical":"http:\/\/sladowska.pl\/index.php\/o-nas\/","og_locale":"pl_PL","og_type":"article","og_title":"0 nas","og_description":"Mikrobiologia Farmaceutyczna O nas","og_url":"http:\/\/sladowska.pl\/index.php\/o-nas\/","og_site_name":"Mikrobiologia Farmaceutyczna","article_modified_time":"2022-12-05T10:40:52+00:00","og_image":[{"url":"http:\/\/sladowska.pl\/wp-content\/uploads\/2022\/11\/k1-835x1024.jpg","type":"","width":"","height":""}],"twitter_card":"summary_large_image","twitter_misc":{"Szacowany czas czytania":"2 minuty"},"schema":{"@context":"https:\/\/schema.org","@graph":[{"@type":"WebPage","@id":"http:\/\/sladowska.pl\/index.php\/o-nas\/","url":"http:\/\/sladowska.pl\/index.php\/o-nas\/","name":"0 nas","isPartOf":{"@id":"http:\/\/sladowska.pl\/#website"},"primaryImageOfPage":{"@id":"http:\/\/sladowska.pl\/index.php\/o-nas\/#primaryimage"},"image":{"@id":"http:\/\/sladowska.pl\/index.php\/o-nas\/#primaryimage"},"thumbnailUrl":"http:\/\/sladowska.pl\/wp-content\/uploads\/2022\/11\/k1-835x1024.jpg","datePublished":"2022-05-30T09:58:30+00:00","dateModified":"2022-12-05T10:40:52+00:00","description":"Mikrobiologia Farmaceutyczna O nas","breadcrumb":{"@id":"http:\/\/sladowska.pl\/index.php\/o-nas\/#breadcrumb"},"inLanguage":"pl-PL","potentialAction":[{"@type":"ReadAction","target":["http:\/\/sladowska.pl\/index.php\/o-nas\/"]}]},{"@type":"ImageObject","inLanguage":"pl-PL","@id":"http:\/\/sladowska.pl\/index.php\/o-nas\/#primaryimage","url":"http:\/\/sladowska.pl\/wp-content\/uploads\/2022\/11\/k1.jpg","contentUrl":"http:\/\/sladowska.pl\/wp-content\/uploads\/2022\/11\/k1.jpg","width":850,"height":1043},{"@type":"BreadcrumbList","@id":"http:\/\/sladowska.pl\/index.php\/o-nas\/#breadcrumb","itemListElement":[{"@type":"ListItem","position":1,"name":"Strona g\u0142\u00f3wna","item":"http:\/\/sladowska.pl\/"},{"@type":"ListItem","position":2,"name":"O nas"}]},{"@type":"WebSite","@id":"http:\/\/sladowska.pl\/#website","url":"http:\/\/sladowska.pl\/","name":"Mikrobiologia Farmaceutyczna","description":"szkolenia, wyk\u0142ady, mikrobiologia farmaceutyczna","publisher":{"@id":"http:\/\/sladowska.pl\/#organization"},"potentialAction":[{"@type":"SearchAction","target":{"@type":"EntryPoint","urlTemplate":"http:\/\/sladowska.pl\/?s={search_term_string}"},"query-input":{"@type":"PropertyValueSpecification","valueRequired":true,"valueName":"search_term_string"}}],"inLanguage":"pl-PL"},{"@type":"Organization","@id":"http:\/\/sladowska.pl\/#organization","name":"Akademia Mikrobiologii Farmaceutycznej","url":"http:\/\/sladowska.pl\/","logo":{"@type":"ImageObject","inLanguage":"pl-PL","@id":"http:\/\/sladowska.pl\/#\/schema\/logo\/image\/","url":"http:\/\/sladowska.pl\/wp-content\/uploads\/2022\/05\/cropped-logo.png","contentUrl":"http:\/\/sladowska.pl\/wp-content\/uploads\/2022\/05\/cropped-logo.png","width":512,"height":512,"caption":"Akademia Mikrobiologii Farmaceutycznej"},"image":{"@id":"http:\/\/sladowska.pl\/#\/schema\/logo\/image\/"}}]}},"_links":{"self":[{"href":"http:\/\/sladowska.pl\/index.php\/wp-json\/wp\/v2\/pages\/19","targetHints":{"allow":["GET"]}}],"collection":[{"href":"http:\/\/sladowska.pl\/index.php\/wp-json\/wp\/v2\/pages"}],"about":[{"href":"http:\/\/sladowska.pl\/index.php\/wp-json\/wp\/v2\/types\/page"}],"author":[{"embeddable":true,"href":"http:\/\/sladowska.pl\/index.php\/wp-json\/wp\/v2\/users\/1"}],"replies":[{"embeddable":true,"href":"http:\/\/sladowska.pl\/index.php\/wp-json\/wp\/v2\/comments?post=19"}],"version-history":[{"count":27,"href":"http:\/\/sladowska.pl\/index.php\/wp-json\/wp\/v2\/pages\/19\/revisions"}],"predecessor-version":[{"id":612,"href":"http:\/\/sladowska.pl\/index.php\/wp-json\/wp\/v2\/pages\/19\/revisions\/612"}],"wp:attachment":[{"href":"http:\/\/sladowska.pl\/index.php\/wp-json\/wp\/v2\/media?parent=19"}],"curies":[{"name":"wp","href":"https:\/\/api.w.org\/{rel}","templated":true}]}}